i be 0 + 0 + 1 - 5. Let b(a) = -a**3 - 6*a**2 - 39*a - 5. Let j(f) = 2*f**3 + 12*f**2 + 89*f + 11. Let x(t) = 7*b(t) + 3*j(t). Determine x(i).
-10
Let h(g) be the first derivative of -2/3*g**3 - 3/2*g**2 - 3*g - 7. Determine h(-3).
-12
Let o(s) be the second derivative of -s**5/20 + s**3/2 - 3*s**2/2 - 250*s. Give o(4).
-55
Let y(p) = -5*p**2 + 8*p + 12. Let o(d) = -14*d**2 + 23*d + 35. Let z(j) = 4*o(j) - 11*y(j). What is z(6)?
-4
Suppose -g + 6*g - 2*j + 535 = 0, j - 104 = g. Let q = g + 116. Let d(v) = v - 10. Calculate d(q).
-3
Let p(h) = h**3 - 7*h**2 - 3. Suppose 4*x - 5*k - 8 = 7, 9 = -5*x - 3*k. Let n(f) = f**3 + 2*f**2 - 3*f + 7. Let y be n(x). What is p(y)?
-3
Let y(l) be the first derivative of -l**4/24 - 2*l**3 + 5*l**2/2 + 2*l + 27. Let o(p) be the second derivative of y(p). Give o(-9).
-3
Let a(m) = 4*m**2 + m + 2. Let l(y) = 17*y**2 - 5. Let p(z) = -4*a(z) + l(z). Give p(6).
-1
Let q(c) = -c**3 + 7*c - 3. Let g be q(2). Let t(l) = 2*l + 3. Give t(g).
9
Let f = 50 - 47. Let x(p) = 2*p**3 + 3*p**2 + 13*p - 9. Let j(o) = o**3 + 2*o**2 + 7*o - 5. Let g(c) = -11*j(c) + 6*x(c). Calculate g(f).
-5
Let v(n) = 4*n**2 - 7*n + 28. Let b(i) = -i**2 + 2*i - 9. Let f(p) = -7*b(p) - 2*v(p). Calculate f(0).
7
Let o be 18/4*(1 - -1). Let d(t) = 9*t**2 - 14*t + 7. Let r(a) = -76*a**2 + 114*a - 54. Let l(n) = 17*d(n) + 2*r(n). Determine l(o).
2
Let h(m) = 7*m**2 - 23*m - 13. Let f be h(4). Let u(q) = -2*q**2 + 16*q - 1. Calculate u(f).
13
Let d(n) be the second derivative of -n**4/3 + n**3/2 - 89*n. What is d(2)?
-10
Let t(d) = 2*d + 15. Let w(l) = 5 + 0*l + 26 + 3*l + 2*l. Let z = 12 + -5. Let n(f) = z*t(f) - 3*w(f). Determine n(0).
12
Let t(j) be the first derivative of -j**4/12 - j**3/2 - j**2/2 + 16*j - 16. Let v(f) be the first derivative of t(f). What is v(-2)?
1
Let p(n) = -n**2 + 12*n - 9. Let m(w) = 2*w**2 - 24*w + 19. Let j(b) = 6*m(b) + 11*p(b). Let h be j(10). Let u = h - 0. Let y(v) = v + 6. Calculate y(u).
1
Let t(z) = -4*z + 4. Let i(j) = 3*j**2 - 13*j + 7. Let d(s) = 8*s**2 - 38*s + 21. Let f(q) = 4*d(q) - 11*i(q). Let h be f(-10). Give t(h).
16
Suppose -a - 2*a - 6 = 0. Let x be (-2)/(-3)*(-9)/a. Let i(n) = 5*n - n + 2*n**3 - 8*n**2 + 5*n**2 - n**x. Calculate i(3).
12
Let x(o) = -8*o - 4 - 52*o**3 - 8*o**2 + 20*o**3 + 14*o**3 + 19*o**3. Give x(9).
5
Let f(l) = -198*l + 105*l + 95*l + 1. Suppose -4 = -3*z + 2. Calculate f(z).
5
Let f(w) be the first derivative of 11*w**2/2 + 5. Calculate f(1).
11
Let u(t) = -t**3 - 3*t**2 + 5*t - 2. Suppose -4*n - 17 + 21 = -v, -4*v + 2*n = 16. Give u(v).
-6
Let d(y) = 6*y + 2. Suppose -5*l - 18 = r, 3*r = -5*l + 7*l - 3. Calculate d(r).
-16
Let b(x) be the third derivative of x**4/24 + 323*x**2. Let v = -14 - -8. Calculate b(v).
-6
Let f(d) be the second derivative of -7/6*d**3 + 17*d - 5/2*d**2 + 0 - 1/12*d**4. Give f(-5).
5
Let d(n) be the first derivative of n**4/2 + 13*n**3/3 + n**2/2 - 13*n + 15. Let i(r) = 3*r**3 + 19*r**2 + r - 19. Let t(o) = 7*d(o) - 5*i(o). Calculate t(-4).
-4
Let i(k) = -k**2 - 10*k - 4. Suppose 0 = 4*l + 3*r - 9 + 53, -4*l = -4*r + 44. Give i(l).
-15
Let k(d) = -d**2 + 13*d - 5. Suppose 8*h - 57 = 47. Give k(h).
-5
Let a(y) be the second derivative of -y**6/360 + y**5/20 - y**4/12 - 13*y**3/6 - 3*y**2/2 - 7*y + 1. Let p(x) be the second derivative of a(x). Determine p(4).
6
Let s = -12 - -6. Let n(t) be the first derivative of t**5/60 + t**4/6 + 19*t**2/2 - 11. Let u(d) be the second derivative of n(d). Give u(s).
12
Suppose -2*p + 0 = -10. Suppose p*q + 3*k = 2*k - 16, 4*k = -4*q. Let g(u) be the first derivative of -u**4/4 - u**3 + 3*u**2 + 6*u + 1. Determine g(q).
-2
Let r be (-7)/(7/4) + 0. Let l(c) be the first derivative of 3/2*c**2 - 9 + 6*c. What is l(r)?
-6
Let k = 28 + -29. Let w(v) = -13*v**2 - v - 1. What is w(k)?
-13
Suppose 0 = 3*m - 3*f - 6, -3*f = -20*m + 25*m + 30. Let q(a) = -5*a - 12. What is q(m)?
3
Suppose 6*t + 16 = 14*t. Suppose -4*q + 21 = -3. Let p(r) = r**t + 4*r**2 - 7*r**2 - q*r - 7 + r**2. Calculate p(-6).
-7
Let a be (-1)/2 - 539/98. Let u(s) be the first derivative of s**5/60 + s**4/6 - 5*s**3/6 + s**2 + 2. Let c(x) be the second derivative of u(x). Determine c(a).
7
Let o(z) be the first derivative of -5*z**4/24 - z**3/6 - z**2 + 4. Let g(l) be the second derivative of o(l). Suppose 5*s - 3*s = -2. Determine g(s).
4
Let h(s) = s - 5. Let n(j) be the second derivative of 7*j**3/6 + 28*j**2 + 23*j. Let w be n(-8). What is h(w)?
-5
Let r be ((-8)/16)/(2/(-4)). Let s(v) = -v + r - 6*v + 6*v. Give s(6).
-5
Let v(s) = -2*s - 13. Let z be v(-5). Let b be (-2)/3 + (10/z - 1). Let j(f) = 8*f - 2*f + f + f**3 + 3 + 6*f**2. Calculate j(b).
-7
Let m = -20 + 23. Let b(t) = -1 + 2*t - 7*t**2 - m*t + 5*t - 3*t. Calculate b(1).
-7
Let j be ((21/2)/3)/(3/6). Let u(z) = 8*z - 237*z**2 - 4 + 238*z**2 + j. Determine u(-7).
-4
Let t(z) = -z**2 - 6*z**2 + 1 + 28*z - z**3 + 2*z**2 - 22*z + 0*z**2. Let g(m) = -3*m + 6. Let y be g(4). Calculate t(y).
1
Let o(x) = -6*x. Let y(t) = 10*t**2 + 0*t - 1 - 5*t**2 + 2*t. Let d be y(1). Suppose d*h - 4 = 2*h. Calculate o(h).
-6
Suppose 2*n + 36 = -3*s - n, 0 = -4*s + 2*n - 24. Let i = -11 - s. Let l(g) = g**3 + 3*g**2 + 2*g + 3. What is l(i)?
-3
Let r(a) be the first derivative of a**3/3 - 6*a**2 + 9*a - 186. Calculate r(10).
-11
Let l = -6 + 18. Suppose 4*p - l = 2*p. Suppose -2*w - 12 = -p. Let o(s) = -s**3 - s**2 + 3*s + 2. What is o(w)?
11
Let m = 124 + -120. Let x(f) = 9*f**3 + 21*f**2 - 7*f + 13. Let t(z) = -5*z**3 - 11*z**2 + 3*z - 6. Let d(c) = m*x(c) + 7*t(c). Determine d(-8).
2
Suppose 0*y - 19*y - 209 = 0. Let i(x) = x**2 + 11*x + 6. Determine i(y).
6
Let d(h) = -h**3 + 3*h**2 + 8*h - 13. Let i be d(4). Let z(t) be the third derivative of t**2 + 0 + 1/24*t**4 + 0*t + t**i. Determine z(-6).
0
Let s(a) be the second derivative of -a**4/12 - 11*a**3/6 - 7*a**2 + 426*a. What is s(-10)?
-4
Let a(x) be the second derivative of -x**7/840 - x**6/72 + 5*x**4/24 + 10*x**3/3 - 8*x. Let w(d) be the second derivative of a(d). What is w(-5)?
5
Let s be 1 + (-7 + 4 - -5). Let v be (-1 + -3)/(2/s). Let n be -2 + 0 - (v + 6). Let t(p) = p**3 + 2*p**2 - 3*p - 3. What is t(n)?
3
Let z(h) = 11 - 5*h + 0*h - 2*h + 11*h. Give z(-4).
-5
Let d(t) = 14*t**3 + 16*t**2 + 41*t + 14. Let v(h) = -5*h**3 - 5*h**2 - 14*h - 4. Let w(c) = 4*d(c) + 11*v(c). What is w(-8)?
-4
Let h = -101 + 114. Let u(g) = -2*g + 19. Give u(h).
-7
Let t(i) = i - 4. Let v(z) = 3*z - 13. Let k(u) = 11*t(u) - 4*v(u). Let f be -2*-2*29/(-4). Let p = 34 + f. Determine k(p).
3
Let z(n) = -6*n**2 - 52*n + 47. Let b(l) = 2*l**2 + 18*l - 16. Let v(d) = 8*b(d) + 3*z(d). Determine v(-9).
-41
Let u be ((-2)/(-8))/((-550)/40 + 14). Let k(v) = 11*v**3 + 7*v**2 + v - 7. Let j(m) = 32*m**3 + 20*m**2 + 3*m - 20. Let a(o) = -6*j(o) + 17*k(o). What is a(u)?
-6
Let x(t) = -2*t - 1. Let a = 19 + -17. Let q be 0*(4 - 7/a). Suppose q = 3*o + 3 + 3. Give x(o).
3
Suppose -3*q + 19 = 2*b, b - q - 17 = -4*q. Suppose 4*c - 7 = -3*d, -3*c = -d - b + 13. Let k be c - 9*(-1 - 0). Let j(m) = m**2 - 6*m - 2. Determine j(k).
5
Let x(m) = 26*m + 2. Let k = -2 - -1. Let s be x(k). Let a be 5*(-11)/((-220)/s). Let u(o) = -o**2 - 6*o - 3. What is u(a)?
-3
Let v(h) = -2 - 167*h + 57*h + 59*h - 7*h**2 + 56*h. Determine v(3).
-50
Suppose 0 = 14*v - 19*v + 60. Let o be (0 - 0)*(3/v)/1. Let x(i) = -i + 5. Give x(o).
5
Let y(w) be the first derivative of w**5/4 + w**3/3 - w**2/2 - 27*w + 34. Let n(f) be the first derivative of y(f). What is n(1)?
6
Suppose 5*w + m = 9, 2*w + m - 7 + 1 = 0. Let p(q) = -q**2 + q. Determine p(w).
0
Let q(m) be the second derivative of m**5/6 + m**4/24 + m**3/3 - 14*m**2 + 3*m. Let f(n) be the second derivative of q(n). What is f(-1)?
-19
Let h(m) = -8 - m**3 - 4*m - 2*m - m - 7*m**2 - 5*m + 3*m. Determine h(-6).
10
Let z(k) be the second derivative of -13*k**3/3 + 49*k. Let q = -5 - -4. Calculate z(q).
26
Suppose 39*m = 24*m - 435. Let c = m - -22. Let z(t) = -2*t + 4*t + 0*t + 7. What is z(c)?
-7
Let g(o) = -o**3 - 7*o**2 - 6*o + 7. Let l = 1294 + -1300. Give g(l).
7
Let k(f) = f - 5. Let u be 3/(-2)*(-32)/12. Let x be (-62)/12 + u/24. Give k(x).
-10
Let d(r) = -1 - 69*r - 4*r**2 + 2*r**2 + 68*r. Let y(j) = j - 4. Let n be y(6). Let i be (n - (-3)/(-2))*-4. Give d(i).
-